{"id":77,"date":"2025-12-13T22:52:00","date_gmt":"2025-12-13T21:52:00","guid":{"rendered":"https:\/\/www.foerderverein-stida.de\/?page_id=77"},"modified":"2026-01-13T16:41:10","modified_gmt":"2026-01-13T15:41:10","slug":"impressum","status":"publish","type":"page","link":"https:\/\/www.foerderverein-stida.de\/?page_id=77","title":{"rendered":"Impressum"},"content":{"rendered":"\t\t<div data-elementor-type=\"wp-page\" data-elementor-id=\"77\" class=\"elementor elementor-77\">\n\t\t\t\t<div class=\"elementor-element elementor-element-a720390 e-con-full e-flex e-con e-parent\" data-id=\"a720390\" data-element_type=\"container\" data-e-type=\"container\" data-settings=\"{&quot;background_background&quot;:&quot;classic&quot;}\">\n\t\t\t\t<div class=\"elementor-element elementor-element-7e5ff2f elementor-widget elementor-widget-heading\" data-id=\"7e5ff2f\" data-element_type=\"widget\" data-e-type=\"widget\" data-widget_type=\"heading.default\">\n\t\t\t\t\t<h1 class=\"elementor-heading-title elementor-size-default\"><div><span style=\"font-style: inherit\">F\u00f6rderverein <\/span><span style=\"font-style: inherit\">der Kath.<\/span><br><\/div><div><span style=\"font-style: inherit\">Kindertageseinrichtung <\/span><span style=\"font-style: inherit\">St. Ida<\/span><span style=\"font-family: var( --e-global-typography-0090e13-font-family ), Sans-serif;font-size: var( --e-global-typography-0090e13-font-size );font-style: inherit;font-weight: var( --e-global-typography-0090e13-font-weight );letter-spacing: var( --e-global-typography-0090e13-letter-spacing )\"><\/span><\/div><\/h1>\t\t\t\t<\/div>\n\t\t\t\t<div class=\"elementor-element elementor-element-4737142 elementor-widget elementor-widget-heading\" data-id=\"4737142\" data-element_type=\"widget\" data-e-type=\"widget\" data-widget_type=\"heading.default\">\n\t\t\t\t\t<h2 class=\"elementor-heading-title elementor-size-default\">Ihr Engagement f\u00fcr unseren Kindergarten<\/h2>\t\t\t\t<\/div>\n\t\t\t\t<\/div>\n\t\t<div class=\"elementor-element elementor-element-1a26d57 e-flex e-con-boxed e-con e-parent\" data-id=\"1a26d57\" data-element_type=\"container\" data-e-type=\"container\">\n\t\t\t\t\t<div class=\"e-con-inner\">\n\t\t<div class=\"elementor-element elementor-element-784d353 e-con-full e-flex e-con e-child\" data-id=\"784d353\" data-element_type=\"container\" data-e-type=\"container\">\n\t\t\t\t<div class=\"elementor-element elementor-element-2cdd1f8 elementor-widget elementor-widget-heading\" data-id=\"2cdd1f8\" data-element_type=\"widget\" data-e-type=\"widget\" data-widget_type=\"heading.default\">\n\t\t\t\t\t<h2 class=\"elementor-heading-title elementor-size-default\">Impressum<\/h2>\t\t\t\t<\/div>\n\t\t\t\t<div class=\"elementor-element elementor-element-e5a689d elementor-widget elementor-widget-text-editor\" data-id=\"e5a689d\" data-element_type=\"widget\" data-e-type=\"widget\" data-widget_type=\"text-editor.default\">\n\t\t\t\t\t\t\t\t\t<section><p class=\"p1\">F\u00f6rderverein der Katholischen Kindertageseinrichtung St. Ida M\u00fcnster e. V.<br \/>Nachtigallenweg 19<br \/>48167 M\u00fcnster<\/p><p class=\"p1\">Vereinsregister: VR 5442<br \/>Registergericht: Amtsgericht M\u00fcnster<\/p><p class=\"p1\"><strong>Vertreten durch:<\/strong><br \/>Vorsitzender: Bj\u00f6rn Jegutzki<br \/>stellvertretende Vorsitzende: Katharina Kraft<\/p><h3 class=\"p2\">Kontakt<\/h3><p class=\"p1\">E-Mail: mail@foerderverein-stida.de<\/p><h3 class=\"p2\">Verbraucherstreitbeilegung\/Universalschlichtungsstelle<\/h3><p class=\"p1\">Wir sind nicht bereit oder verpflichtet, an Streitbeilegungsverfahren vor einer Verbraucherschlichtungsstelle teilzunehmen.<\/p><p class=\"p1\">Quelle: <a href=\"http:\/\/e-recht24.de\">e-recht24.de<\/a><\/p><\/section>\t\t\t\t\t\t\t\t<\/div>\n\t\t\t\t<\/div>\n\t\t\t\t\t<\/div>\n\t\t\t\t<\/div>\n\t\t\t\t<\/div>\n\t\t","protected":false},"excerpt":{"rendered":"<p>F\u00f6rderverein der Kath.Kindertageseinrichtung St. Ida Ihr Engagement f\u00fcr unseren Kindergarten Impressum F\u00f6rderverein der Katholischen Kindertageseinrichtung St. Ida M\u00fcnster e. V.Nachtigallenweg [&hellip;]<\/p>\n","protected":false},"author":1,"featured_media":0,"parent":0,"menu_order":0,"comment_status":"closed","ping_status":"closed","template":"","meta":{"site-sidebar-layout":"no-sidebar","site-content-layout":"","ast-site-content-layout":"full-width-container","site-content-style":"default","site-sidebar-style":"default","ast-global-header-display":"","ast-banner-title-visibility":"","ast-main-header-display":"","ast-hfb-above-header-display":"","ast-hfb-below-header-display":"","ast-hfb-mobile-header-display":"","site-post-title":"disabled","ast-breadcrumbs-content":"","ast-featured-img":"disabled","footer-sml-layout":"","theme-transparent-header-meta":"","adv-header-id-meta":"","stick-header-meta":"","header-above-stick-meta":"","header-main-stick-meta":"","header-below-stick-meta":"","astra-migrate-meta-layouts":"default","ast-page-background-enabled":"default","ast-page-background-meta":{"desktop":{"background-color":"var(--ast-global-color-5)","background-image":"","background-repeat":"repeat","background-position":"center center","background-size":"auto","background-attachment":"scroll","background-type":"","background-media":"","overlay-type":"","overlay-color":"","overlay-opacity":"","overlay-gradient":""},"tablet":{"background-color":"","background-image":"","background-repeat":"repeat","background-position":"center center","background-size":"auto","background-attachment":"scroll","background-type":"","background-media":"","overlay-type":"","overlay-color":"","overlay-opacity":"","overlay-gradient":""},"mobile":{"background-color":"","background-image":"","background-repeat":"repeat","background-position":"center center","background-size":"auto","background-attachment":"scroll","background-type":"","background-media":"","overlay-type":"","overlay-color":"","overlay-opacity":"","overlay-gradient":""}},"ast-content-background-meta":{"desktop":{"background-color":"var(--ast-global-color-4)","background-image":"","background-repeat":"repeat","background-position":"center center","background-size":"auto","background-attachment":"scroll","background-type":"","background-media":"","overlay-type":"","overlay-color":"","overlay-opacity":"","overlay-gradient":""},"tablet":{"background-color":"var(--ast-global-color-4)","background-image":"","background-repeat":"repeat","background-position":"center center","background-size":"auto","background-attachment":"scroll","background-type":"","background-media":"","overlay-type":"","overlay-color":"","overlay-opacity":"","overlay-gradient":""},"mobile":{"background-color":"var(--ast-global-color-4)","background-image":"","background-repeat":"repeat","background-position":"center center","background-size":"auto","background-attachment":"scroll","background-type":"","background-media":"","overlay-type":"","overlay-color":"","overlay-opacity":"","overlay-gradient":""}},"footnotes":""},"class_list":["post-77","page","type-page","status-publish","hentry"],"_links":{"self":[{"href":"https:\/\/www.foerderverein-stida.de\/index.php?rest_route=\/wp\/v2\/pages\/77","targetHints":{"allow":["GET"]}}],"collection":[{"href":"https:\/\/www.foerderverein-stida.de\/index.php?rest_route=\/wp\/v2\/pages"}],"about":[{"href":"https:\/\/www.foerderverein-stida.de\/index.php?rest_route=\/wp\/v2\/types\/page"}],"author":[{"embeddable":true,"href":"https:\/\/www.foerderverein-stida.de\/index.php?rest_route=\/wp\/v2\/users\/1"}],"replies":[{"embeddable":true,"href":"https:\/\/www.foerderverein-stida.de\/index.php?rest_route=%2Fwp%2Fv2%2Fcomments&post=77"}],"version-history":[{"count":12,"href":"https:\/\/www.foerderverein-stida.de\/index.php?rest_route=\/wp\/v2\/pages\/77\/revisions"}],"predecessor-version":[{"id":126,"href":"https:\/\/www.foerderverein-stida.de\/index.php?rest_route=\/wp\/v2\/pages\/77\/revisions\/126"}],"wp:attachment":[{"href":"https:\/\/www.foerderverein-stida.de\/index.php?rest_route=%2Fwp%2Fv2%2Fmedia&parent=77"}],"curies":[{"name":"wp","href":"https:\/\/api.w.org\/{rel}","templated":true}]}}